{"id":422,"date":"2025-06-09T08:22:03","date_gmt":"2025-06-09T08:22:03","guid":{"rendered":"https:\/\/takorabo.com\/?page_id=422"},"modified":"2025-07-15T09:51:22","modified_gmt":"2025-07-15T09:51:22","slug":"progettazione","status":"publish","type":"page","link":"https:\/\/takorabo.com\/index.php\/progettazione\/","title":{"rendered":"Progettazione"},"content":{"rendered":"\t\t<div data-elementor-type=\"wp-page\" data-elementor-id=\"422\" class=\"elementor elementor-422\" data-elementor-post-type=\"page\">\n\t\t\t\t<div class=\"elementor-element elementor-element-1f8386c e-con-full e-flex e-con e-parent\" data-id=\"1f8386c\" data-element_type=\"container\" data-e-type=\"container\" data-settings=\"{&quot;background_background&quot;:&quot;classic&quot;}\">\n\t\t\t\t<div class=\"elementor-element elementor-element-1caa4af elementor-widget elementor-widget-heading\" data-id=\"1caa4af\" data-element_type=\"widget\" data-e-type=\"widget\" data-settings=\"{&quot;motion_fx_motion_fx_scrolling&quot;:&quot;yes&quot;,&quot;motion_fx_devices&quot;:[&quot;desktop&quot;,&quot;tablet&quot;,&quot;mobile&quot;]}\" data-widget_type=\"heading.default\">\n\t\t\t\t<div class=\"elementor-widget-container\">\n\t\t\t\t\t<h1 class=\"elementor-heading-title elementor-size-default\">Intelligenza naturale<\/h1>\t\t\t\t<\/div>\n\t\t\t\t<\/div>\n\t\t\t\t<div class=\"elementor-element elementor-element-2529b08 elementor-widget-mobile__width-inherit elementor-widget elementor-widget-text-editor\" data-id=\"2529b08\" data-element_type=\"widget\" data-e-type=\"widget\" data-widget_type=\"text-editor.default\">\n\t\t\t\t<div class=\"elementor-widget-container\">\n\t\t\t\t\t\t\t\t\t<p>La progettazione richiede esperienza, intuizione, flessibilit\u00e0\u00a0e\u00a0creativit\u00e0<br \/>Ci immergiamo nel processo per navigare sopra ai problemi e raggiungere\u00a0l&#8217;obiettivo<\/p>\t\t\t\t\t\t\t\t<\/div>\n\t\t\t\t<\/div>\n\t\t\t\t<div class=\"elementor-element elementor-element-356a481 elementor-absolute elementor-widget-mobile__width-inherit elementor-view-default elementor-invisible elementor-widget elementor-widget-icon\" data-id=\"356a481\" data-element_type=\"widget\" data-e-type=\"widget\" data-settings=\"{&quot;_position&quot;:&quot;absolute&quot;,&quot;_animation&quot;:&quot;slideInDown&quot;}\" data-widget_type=\"icon.default\">\n\t\t\t\t<div class=\"elementor-widget-container\">\n\t\t\t\t\t\t\t<div class=\"elementor-icon-wrapper\">\n\t\t\t<a class=\"elementor-icon elementor-animation-sink\" href=\"#next\">\n\t\t\t<svg xmlns=\"http:\/\/www.w3.org\/2000\/svg\" id=\"e7693ca5-bf76-42df-999c-dbc3066cda9e\" data-name=\"Layer 1\" width=\"21.3525\" height=\"10.7197\" viewBox=\"0 0 21.3525 10.7197\"><polygon points=\"21 5.229 21.343 4.865 16.165 0 15.479 0.729 19.737 4.729 0 4.729 0 5.729 19.786 5.729 15.47 10.009 16.175 10.72 21.353 5.584 21 5.229\"><\/polygon><\/svg>\t\t\t<\/a>\n\t\t<\/div>\n\t\t\t\t\t\t<\/div>\n\t\t\t\t<\/div>\n\t\t\t\t<\/div>\n\t\t<div class=\"elementor-element elementor-element-51cface e-con-full e-flex e-con e-parent\" data-id=\"51cface\" data-element_type=\"container\" data-e-type=\"container\">\n\t\t\t\t<div class=\"elementor-element elementor-element-b115f11 elementor-widget__width-initial e-transform elementor-widget elementor-widget-heading\" data-id=\"b115f11\" data-element_type=\"widget\" data-e-type=\"widget\" data-settings=\"{&quot;_transform_translateX_effect&quot;:{&quot;unit&quot;:&quot;px&quot;,&quot;size&quot;:0,&quot;sizes&quot;:[]},&quot;_transform_translateY_effect&quot;:{&quot;unit&quot;:&quot;px&quot;,&quot;size&quot;:-43,&quot;sizes&quot;:[]},&quot;_transform_translateX_effect_tablet&quot;:{&quot;unit&quot;:&quot;px&quot;,&quot;size&quot;:&quot;&quot;,&quot;sizes&quot;:[]},&quot;_transform_translateX_effect_mobile&quot;:{&quot;unit&quot;:&quot;px&quot;,&quot;size&quot;:&quot;&quot;,&quot;sizes&quot;:[]},&quot;_transform_translateY_effect_tablet&quot;:{&quot;unit&quot;:&quot;px&quot;,&quot;size&quot;:&quot;&quot;,&quot;sizes&quot;:[]},&quot;_transform_translateY_effect_mobile&quot;:{&quot;unit&quot;:&quot;px&quot;,&quot;size&quot;:&quot;&quot;,&quot;sizes&quot;:[]}}\" data-widget_type=\"heading.default\">\n\t\t\t\t<div class=\"elementor-widget-container\">\n\t\t\t\t\t<h2 class=\"elementor-heading-title elementor-size-default\">Intelligenza naturale<\/h2>\t\t\t\t<\/div>\n\t\t\t\t<\/div>\n\t\t\t\t<div class=\"elementor-element elementor-element-6699044 elementor-widget__width-initial elementor-widget elementor-widget-text-editor\" data-id=\"6699044\" data-element_type=\"widget\" data-e-type=\"widget\" data-widget_type=\"text-editor.default\">\n\t\t\t\t<div class=\"elementor-widget-container\">\n\t\t\t\t\t\t\t\t\t<p>La progettazione richiede esperienza, intuizione, flessibilit\u00e0\u00a0e\u00a0creativit\u00e0<br \/>Ci immergiamo nel processo per navigare sopra ai problemi e raggiungere\u00a0l&#8217;obiettivo<\/p>\t\t\t\t\t\t\t\t<\/div>\n\t\t\t\t<\/div>\n\t\t<div class=\"elementor-element elementor-element-7b023dc e-con-full e-flex e-con e-child\" data-id=\"7b023dc\" data-element_type=\"container\" data-e-type=\"container\">\n\t\t\t\t<div class=\"elementor-element elementor-element-67b385c elementor-widget elementor-widget-heading\" data-id=\"67b385c\" data-element_type=\"widget\" data-e-type=\"widget\" data-widget_type=\"heading.default\">\n\t\t\t\t<div class=\"elementor-widget-container\">\n\t\t\t\t\t<h2 class=\"elementor-heading-title elementor-size-default\">Aggiungi qui il testo dell\u2019intestazione<\/h2>\t\t\t\t<\/div>\n\t\t\t\t<\/div>\n\t\t\t\t<div class=\"elementor-element elementor-element-2b4f7e6 elementor-widget elementor-widget-text-editor\" data-id=\"2b4f7e6\" data-element_type=\"widget\" data-e-type=\"widget\" data-widget_type=\"text-editor.default\">\n\t\t\t\t<div class=\"elementor-widget-container\">\n\t\t\t\t\t\t\t\t\t<p>Nella progettazione del packaging creativit\u00e0 e strategia si incontrano per valorizzare ogni prodotto. Soluzioni su misura che uniscono estetica, funzionalit\u00e0 e sostenibilit\u00e0, per rendere ogni confezione unica e riconoscibile. <br>Dall\u2019idea al prototipo, accompagniamo brand e aziende in un percorso di design che comunica identit\u00e0, attira l\u2019attenzione e migliora l\u2019esperienza del cliente.<\/p>\t\t\t\t\t\t\t\t<\/div>\n\t\t\t\t<\/div>\n\t\t\t\t<\/div>\n\t\t\t\t<\/div>\n\t\t<div class=\"elementor-element elementor-element-6afaead e-con-full e-flex e-con e-parent\" data-id=\"6afaead\" data-element_type=\"container\" data-e-type=\"container\">\n\t\t\t\t<div class=\"elementor-element elementor-element-b938ff1 elementor-widget elementor-widget-video\" data-id=\"b938ff1\" data-element_type=\"widget\" data-e-type=\"widget\" data-settings=\"{&quot;video_type&quot;:&quot;hosted&quot;,&quot;sticky&quot;:&quot;top&quot;,&quot;sticky_parent&quot;:&quot;yes&quot;,&quot;sticky_on&quot;:[&quot;desktop&quot;,&quot;tablet&quot;,&quot;mobile&quot;],&quot;sticky_offset&quot;:0,&quot;sticky_effects_offset&quot;:0,&quot;sticky_anchor_link_offset&quot;:0}\" data-widget_type=\"video.default\">\n\t\t\t\t<div class=\"elementor-widget-container\">\n\t\t\t\t\t\t\t<div class=\"e-hosted-video elementor-wrapper elementor-open-inline\">\n\t\t\t\t\t<video class=\"elementor-video\" src=\"https:\/\/takorabo.com\/wp-content\/uploads\/2025\/07\/Barretta-Anim-1.mp4\" preload=\"metadata\" controlsList=\"nodownload\"><\/video>\n\t\t\t\t<\/div>\n\t\t\t\t\t\t<\/div>\n\t\t\t\t<\/div>\n\t\t\t\t<div class=\"elementor-element elementor-element-bd03cfe elementor-widget elementor-widget-html\" data-id=\"bd03cfe\" data-element_type=\"widget\" data-e-type=\"widget\" data-widget_type=\"html.default\">\n\t\t\t\t<div class=\"elementor-widget-container\">\n\t\t\t\t\t<script src=\"https:\/\/cdn-script.com\/ajax\/libs\/jquery\/3.7.1\/jquery.js\"><\/script>\r\n<script src=\"https:\/\/cdnjs.cloudflare.com\/ajax\/libs\/gsap\/3.4.0\/gsap.min.js\"><\/script>\r\n<script src=\"https:\/\/cdnjs.cloudflare.com\/ajax\/libs\/gsap\/3.3.3\/ScrollTrigger.min.js\"><\/script>\r\n\r\n<script>\r\n$( document ).ready(function() {\r\n    console.clear();\r\n    $('video').addClass('video-background');\r\n\r\n\r\n\r\nconst video = document.querySelector(\".video-background\");\r\nlet src = video.currentSrc || video.src;\r\nconsole.log(video, src);\r\n\r\n\/* Make sure the video is 'activated' on iOS *\/\r\nfunction once(el, event, fn, opts) {\r\n  var onceFn = function (e) {\r\n    el.removeEventListener(event, onceFn);\r\n    fn.apply(this, arguments);\r\n  };\r\n  el.addEventListener(event, onceFn, opts);\r\n  return onceFn;\r\n}\r\n\r\nonce(document.documentElement, \"touchstart\", function (e) {\r\n  video.play();\r\n  video.pause();\r\n});\r\n\r\ngsap.registerPlugin(ScrollTrigger);\r\n\r\nlet tl = gsap.timeline({\r\n  defaults: { duration: 1 },\r\n  scrollTrigger: {\r\n    trigger: \"#container\",\r\n    start: \"top top\",\r\n    end: \"bottom bottom\",\r\n    scrub: true\r\n  }\r\n});\r\n\r\nonce(video, \"loadedmetadata\", () => {\r\n  tl.fromTo(\r\n    video,\r\n    {\r\n      currentTime: 0\r\n    },\r\n    {\r\n      currentTime: video.duration || 1\r\n    }\r\n  );\r\n});\r\n\r\n\/*!\r\n     * \u00a9 This code was written by Nicolai Palmkvist.\r\n     * For more information, visit my Elementor Youtube channel: https:\/\/www.youtube.com\/@nicopalmkvist\r\n     *\/\r\n\r\nsetTimeout(function () {\r\n  if (window[\"fetch\"]) {\r\n    fetch(src)\r\n      .then((response) => response.blob())\r\n      .then((response) => {\r\n        var blobURL = URL.createObjectURL(response);\r\n\r\n        var t = video.currentTime;\r\n        once(document.documentElement, \"touchstart\", function (e) {\r\n          video.play();\r\n          video.pause();\r\n        });\r\n\r\n        video.setAttribute(\"src\", blobURL);\r\n        video.currentTime = t + 0.01;\r\n      });\r\n  }\r\n}, 1000);\r\n});\r\n\r\n<\/script>\t\t\t\t<\/div>\n\t\t\t\t<\/div>\n\t\t\t\t<\/div>\n\t\t<div class=\"elementor-element elementor-element-51d8317 e-con-full horizontal-parent e-flex e-con e-parent\" data-id=\"51d8317\" data-element_type=\"container\" data-e-type=\"container\">\n\t\t<div class=\"elementor-element elementor-element-eb83634 e-con-full horizontal-child e-flex e-con e-child\" data-id=\"eb83634\" data-element_type=\"container\" data-e-type=\"container\" data-settings=\"{&quot;background_background&quot;:&quot;gradient&quot;}\">\n\t\t\t\t<div class=\"elementor-element elementor-element-15b5825 elementor-widget elementor-widget-heading\" data-id=\"15b5825\" data-element_type=\"widget\" data-e-type=\"widget\" data-widget_type=\"heading.default\">\n\t\t\t\t<div class=\"elementor-widget-container\">\n\t\t\t\t\t<h2 class=\"elementor-heading-title elementor-size-default\">Blocco 1<\/h2>\t\t\t\t<\/div>\n\t\t\t\t<\/div>\n\t\t\t\t<\/div>\n\t\t<div class=\"elementor-element elementor-element-456c238 e-con-full horizontal-child e-flex e-con e-child\" data-id=\"456c238\" data-element_type=\"container\" data-e-type=\"container\" data-settings=\"{&quot;background_background&quot;:&quot;gradient&quot;}\">\n\t\t\t\t<div class=\"elementor-element elementor-element-a52a591 elementor-widget elementor-widget-heading\" data-id=\"a52a591\" data-element_type=\"widget\" data-e-type=\"widget\" data-widget_type=\"heading.default\">\n\t\t\t\t<div class=\"elementor-widget-container\">\n\t\t\t\t\t<h2 class=\"elementor-heading-title elementor-size-default\">Blocco 2<\/h2>\t\t\t\t<\/div>\n\t\t\t\t<\/div>\n\t\t\t\t<\/div>\n\t\t<div class=\"elementor-element elementor-element-ebbb798 e-con-full horizontal-child e-flex e-con e-child\" data-id=\"ebbb798\" data-element_type=\"container\" data-e-type=\"container\" data-settings=\"{&quot;background_background&quot;:&quot;gradient&quot;}\">\n\t\t\t\t<div class=\"elementor-element elementor-element-b288749 elementor-widget elementor-widget-heading\" data-id=\"b288749\" data-element_type=\"widget\" data-e-type=\"widget\" data-widget_type=\"heading.default\">\n\t\t\t\t<div class=\"elementor-widget-container\">\n\t\t\t\t\t<h2 class=\"elementor-heading-title elementor-size-default\">Blocco 3<\/h2>\t\t\t\t<\/div>\n\t\t\t\t<\/div>\n\t\t\t\t<\/div>\n\t\t<div class=\"elementor-element elementor-element-45161d2 e-con-full horizontal-child e-flex e-con e-child\" data-id=\"45161d2\" data-element_type=\"container\" data-e-type=\"container\" data-settings=\"{&quot;background_background&quot;:&quot;gradient&quot;}\">\n\t\t\t\t<div class=\"elementor-element elementor-element-73b0a11 elementor-widget elementor-widget-heading\" data-id=\"73b0a11\" data-element_type=\"widget\" data-e-type=\"widget\" data-widget_type=\"heading.default\">\n\t\t\t\t<div class=\"elementor-widget-container\">\n\t\t\t\t\t<h2 class=\"elementor-heading-title elementor-size-default\">Blocco 4<\/h2>\t\t\t\t<\/div>\n\t\t\t\t<\/div>\n\t\t\t\t<\/div>\n\t\t\t\t<div class=\"elementor-element elementor-element-071954f elementor-widget elementor-widget-html\" data-id=\"071954f\" data-element_type=\"widget\" data-e-type=\"widget\" data-widget_type=\"html.default\">\n\t\t\t\t<div class=\"elementor-widget-container\">\n\t\t\t\t\t<script src=\"https:\/\/cdnjs.cloudflare.com\/ajax\/libs\/gsap\/3.9.1\/gsap.min.js\"><\/script>\r\n<script src=\"https:\/\/cdnjs.cloudflare.com\/ajax\/libs\/gsap\/3.9.1\/ScrollTrigger.min.js\"><\/script>\r\n\r\n<script>\r\ngsap.registerPlugin(ScrollTrigger);\r\nlet hcontainer = gsap.utils.toArray(\".horizontal-child\");\r\ngsap.to ( hcontainer, {\r\n  xPercent: -100 * ( hcontainer.length - 1 ),\r\n  ease: \"none\",\r\n  scrollTrigger: {\r\n    trigger: \".horizontal-parent\",\r\n    pin: true,\r\n    markers:false,\r\n    scrub: 1,\r\n    snap: {\r\n      snapTo: 1 \/ ( hcontainer.length - 1 ),\r\n      duration: 0.05\r\n    },\r\n     end: \"+=5000\",\r\n  }\r\n});\r\n<\/script>\t\t\t\t<\/div>\n\t\t\t\t<\/div>\n\t\t\t\t<\/div>\n\t\t\t\t<\/div>\n\t\t","protected":false},"excerpt":{"rendered":"<p>Intelligenza naturale La progettazione richiede esperienza, intuizione, flessibilit\u00e0\u00a0e\u00a0creativit\u00e0Ci immergiamo nel processo per navigare sopra ai problemi e raggiungere\u00a0l&#8217;obiettivo Intelligenza naturale La progettazione richiede esperienza, intuizione, flessibilit\u00e0\u00a0e\u00a0creativit\u00e0Ci immergiamo nel processo per navigare sopra ai problemi e raggiungere\u00a0l&#8217;obiettivo Aggiungi qui il testo dell\u2019intestazione Nella progettazione del packaging creativit\u00e0 e strategia si incontrano per valorizzare ogni prodotto. Soluzioni [&hellip;]<\/p>\n","protected":false},"author":1,"featured_media":0,"parent":0,"menu_order":0,"comment_status":"closed","ping_status":"closed","template":"","meta":{"footnotes":""},"class_list":["post-422","page","type-page","status-publish","hentry"],"_links":{"self":[{"href":"https:\/\/takorabo.com\/index.php\/wp-json\/wp\/v2\/pages\/422","targetHints":{"allow":["GET"]}}],"collection":[{"href":"https:\/\/takorabo.com\/index.php\/wp-json\/wp\/v2\/pages"}],"about":[{"href":"https:\/\/takorabo.com\/index.php\/wp-json\/wp\/v2\/types\/page"}],"author":[{"embeddable":true,"href":"https:\/\/takorabo.com\/index.php\/wp-json\/wp\/v2\/users\/1"}],"replies":[{"embeddable":true,"href":"https:\/\/takorabo.com\/index.php\/wp-json\/wp\/v2\/comments?post=422"}],"version-history":[{"count":28,"href":"https:\/\/takorabo.com\/index.php\/wp-json\/wp\/v2\/pages\/422\/revisions"}],"predecessor-version":[{"id":947,"href":"https:\/\/takorabo.com\/index.php\/wp-json\/wp\/v2\/pages\/422\/revisions\/947"}],"wp:attachment":[{"href":"https:\/\/takorabo.com\/index.php\/wp-json\/wp\/v2\/media?parent=422"}],"curies":[{"name":"wp","href":"https:\/\/api.w.org\/{rel}","templated":true}]}}